{"id":62,"date":"2014-12-02T23:41:36","date_gmt":"2014-12-02T23:41:36","guid":{"rendered":"http:\/\/danovysklad.cz\/?page_id=62"},"modified":"2020-04-17T18:13:11","modified_gmt":"2020-04-17T18:13:11","slug":"stranka-2","status":"publish","type":"page","link":"https:\/\/danovysklad.cz\/?page_id=62","title":{"rendered":"Kolkujeme lahve"},"content":{"rendered":"<p>Celn\u00ed \u00fa\u0159ad pro \u00dasteck\u00fd kraj, v\u011bcn\u011b a m\u00edstn\u011b p\u0159\u00edslu\u0161n\u00fd spr\u00e1vn\u00ed org\u00e1n podle \u00a7 6 a \u00a7 8 odst. 1 p\u00edsm. c) z\u00e1kona \u010d. 17\/2012 Sb., o Celn\u00ed spr\u00e1v\u011b \u010cesk\u00e9 republiky, ve zn\u011bn\u00ed pozd\u011bj\u0161\u00edch p\u0159edpis\u016f, \u00a7 13 a \u00a7 129 z\u00e1kona \u010d. 280\/2009 Sb., da\u0148ov\u00fd \u0159\u00e1d, ve zn\u011bn\u00ed pozd\u011bj\u0161\u00edch p\u0159edpis\u016f a \u00a7 2 z\u00e1kona \u010d. 307\/2013 Sb., o povinn\u00e9m zna\u010den\u00ed lihu, ve zn\u011bn\u00ed pozd\u011bj\u0161\u00edch p\u0159edpis\u016f (d\u00e1le jen \u201ez\u00e1kon o PZL\u201c), registroval v souladu s \u00a7 18 a \u00a7 23 odst. 1 z\u00e1kona o PZL na\u0161i spole\u010dnost jako osobu povinnou zna\u010dit l\u00edh a v souladu s \u00a7 23 odst. 2 z\u00e1kona o PZL mu p\u0159id\u011blil registra\u010dn\u00ed odb\u011brn\u00e9 \u010d\u00edslo H017. Spr\u00e1vce dan\u011b z\u00e1rove\u0148 povolil na\u0161\u00ed spole\u010dnosti prov\u00e1d\u011bt v administrativn\u00ed \u010d\u00e1sti budovy na adrese Obchodn\u00ed 23, 434 01 Most, ve kter\u00e9m se nach\u00e1z\u00ed da\u0148ov\u00fd sklad, zna\u010den\u00ed lihu,\u00a0a sou\u010dasn\u011b\u00a0stanovil rozsah a zp\u016fsob vybavenosti sledovac\u00edm za\u0159\u00edzen\u00edm podle \u00a7 22 z\u00e1kona o PZL.\u00a0Da\u0148ov\u00fd sklad na v\u00fd\u0161e uveden\u00e9 adrese, ve kter\u00e9m je prov\u00e1d\u011bno zna\u010den\u00ed lihu kontroln\u00edmi p\u00e1skami ke zna\u010den\u00ed lihu, sn\u00edm\u00e1 celkem 5 kamer v souladu s podm\u00ednkami stanoviska G\u0158C \u010d.j. 7568\/2014-900000-231 \u201eVybavenost sledovac\u00edm za\u0159\u00edzen\u00edm\u201c.<\/p>\n<p>Na z\u00e1klad\u011b uveden\u00fdch rozhodnut\u00ed Celn\u00ed spr\u00e1vy \u010cesk\u00e9 republiky a po spln\u011bn\u00ed st\u00e1tem stanoven\u00fdch povinnost\u00ed, v\u010detn\u011b slo\u017een\u00ed finan\u010dn\u00ed kauce, jsme z\u00edskali pr\u00e1vo zna\u010dit l\u00edh kontroln\u00edmi p\u00e1skami &#8211;\u00a0jin\u00fdmi slovy kolkovat dovezen\u00e9 lahve alkoholu tak, aby je bylo mo\u017en\u00e9 prod\u00e1vat na \u00fazem\u00ed na\u0161eho st\u00e1tu.<\/p>\n","protected":false},"excerpt":{"rendered":"<p>Celn\u00ed \u00fa\u0159ad pro \u00dasteck\u00fd kraj, v\u011bcn\u011b a m\u00edstn\u011b p\u0159\u00edslu\u0161n\u00fd spr\u00e1vn\u00ed org\u00e1n podle \u00a7 6 a \u00a7 8 odst. 1 p\u00edsm. c) z\u00e1kona \u010d. 17\/2012 Sb., o Celn\u00ed spr\u00e1v\u011b \u010cesk\u00e9 republiky, ve zn\u011bn\u00ed pozd\u011bj\u0161\u00edch p\u0159edpis\u016f, \u00a7 13 a \u00a7 129 z\u00e1kona \u010d. 280\/2009 Sb., da\u0148ov\u00fd \u0159\u00e1d, ve zn\u011bn\u00ed pozd\u011bj\u0161\u00edch p\u0159edpis\u016f a \u00a7 2 z\u00e1kona \u010d. 307\/2013 [&hellip;]<\/p>\n","protected":false},"author":1,"featured_media":133,"parent":0,"menu_order":0,"comment_status":"closed","ping_status":"closed","template":"","meta":[],"_links":{"self":[{"href":"https:\/\/danovysklad.cz\/index.php?rest_route=\/wp\/v2\/pages\/62"}],"collection":[{"href":"https:\/\/danovysklad.cz\/index.php?rest_route=\/wp\/v2\/pages"}],"about":[{"href":"https:\/\/danovysklad.cz\/index.php?rest_route=\/wp\/v2\/types\/page"}],"author":[{"embeddable":true,"href":"https:\/\/danovysklad.cz\/index.php?rest_route=\/wp\/v2\/users\/1"}],"replies":[{"embeddable":true,"href":"https:\/\/danovysklad.cz\/index.php?rest_route=%2Fwp%2Fv2%2Fcomments&post=62"}],"version-history":[{"count":35,"href":"https:\/\/danovysklad.cz\/index.php?rest_route=\/wp\/v2\/pages\/62\/revisions"}],"predecessor-version":[{"id":245,"href":"https:\/\/danovysklad.cz\/index.php?rest_route=\/wp\/v2\/pages\/62\/revisions\/245"}],"wp:featuredmedia":[{"embeddable":true,"href":"https:\/\/danovysklad.cz\/index.php?rest_route=\/wp\/v2\/media\/133"}],"wp:attachment":[{"href":"https:\/\/danovysklad.cz\/index.php?rest_route=%2Fwp%2Fv2%2Fmedia&parent=62"}],"curies":[{"name":"wp","href":"https:\/\/api.w.org\/{rel}","templated":true}]}}